{"id":41,"date":"2024-12-28T11:38:48","date_gmt":"2024-12-28T11:38:48","guid":{"rendered":"http:\/\/www.askdefen.com\/?page_id=41"},"modified":"2025-03-29T17:04:46","modified_gmt":"2025-03-29T17:04:46","slug":"kurumsal","status":"publish","type":"page","link":"https:\/\/www.askdefen.com\/index.php\/kurumsal\/","title":{"rendered":"Kurumsal"},"content":{"rendered":"\t\t<div data-elementor-type=\"wp-page\" data-elementor-id=\"41\" class=\"elementor elementor-41\" data-elementor-post-type=\"page\">\n\t\t\t\t<header class=\"elementor-element elementor-element-1e5f7a71 e-con-full e-flex e-con e-parent\" data-id=\"1e5f7a71\" data-element_type=\"container\" data-settings=\"{&quot;background_background&quot;:&quot;classic&quot;}\">\n\t\t\t\t<div class=\"elementor-element elementor-element-88424da elementor-widget elementor-widget-heading\" data-id=\"88424da\" data-element_type=\"widget\" data-widget_type=\"heading.default\">\n\t\t\t\t<div class=\"elementor-widget-container\">\n\t\t\t\t\t<h1 class=\"elementor-heading-title elementor-size-default\">Kurumsal<\/h1>\t\t\t\t<\/div>\n\t\t\t\t<\/div>\n\t\t\t\t<div class=\"elementor-element elementor-element-5a0c9ca elementor-widget elementor-widget-woocommerce-breadcrumb\" data-id=\"5a0c9ca\" data-element_type=\"widget\" data-widget_type=\"woocommerce-breadcrumb.default\">\n\t\t\t\t<div class=\"elementor-widget-container\">\n\t\t\t\t\t<nav class=\"woocommerce-breadcrumb\" aria-label=\"Breadcrumb\">Ana Sayfa<\/nav>\t\t\t\t<\/div>\n\t\t\t\t<\/div>\n\t\t\t\t<\/header>\n\t\t<div class=\"elementor-element elementor-element-efeccbd e-flex e-con-boxed e-con e-parent\" data-id=\"efeccbd\" data-element_type=\"container\" data-settings=\"{&quot;background_background&quot;:&quot;classic&quot;}\">\n\t\t\t\t\t<div class=\"e-con-inner\">\n\t\t\t\t<div class=\"elementor-element elementor-element-6afce0d2 elementor-widget elementor-widget-heading\" data-id=\"6afce0d2\" data-element_type=\"widget\" data-widget_type=\"heading.default\">\n\t\t\t\t<div class=\"elementor-widget-container\">\n\t\t\t\t\t<h1 class=\"elementor-heading-title elementor-size-default\">Hakk\u0131m\u0131zda<\/h1>\t\t\t\t<\/div>\n\t\t\t\t<\/div>\n\t\t\t\t<div class=\"elementor-element elementor-element-cc9a99a elementor-widget elementor-widget-text-editor\" data-id=\"cc9a99a\" data-element_type=\"widget\" data-widget_type=\"text-editor.default\">\n\t\t\t\t<div class=\"elementor-widget-container\">\n\t\t\t\t\t\t\t\t\t<p>ASK, 2018 y\u0131l\u0131nda kurulmu\u015f, enerji sekt\u00f6r\u00fcnde \u00f6zellikle trafo ekipmanlar\u0131 ve aksesuarlar\u0131n\u0131n \u00fcretiminde uzmanla\u015fm\u0131\u015f bir firmad\u0131r. Trafo sekt\u00f6r\u00fcne y\u00f6nelik hizmetlerimizde, m\u00fc\u015fteri ihtiya\u00e7lar\u0131n\u0131 \u00f6ncelik alarak\u00a0 uluslararas\u0131 standartlarda \u00e7\u00f6z\u00fcmler sunmaktay\u0131z.<\/p><p>Toplamda 2.750 m\u00b2\u2019yi a\u015fan iki modern \u00fcretim tesisimiz Kocaeli Dilovas\u0131 ve \u0130stanbul Tuzla\u2019da bulunmaktad\u0131r. G\u00fc\u00e7l\u00fc CNC tezgah parkurumuz ve alan\u0131nda deneyimli, kalifiye kadromuz ile tala\u015fl\u0131 imalat ve kaynakl\u0131 imalat s\u00fcre\u00e7lerini ba\u015far\u0131yla y\u00fcr\u00fctmekteyiz. Firmam\u0131z, d\u00fcz duvarl\u0131 g\u00fc\u00e7 trafosu tanklar\u0131, tank aksesuarlar\u0131, \u00e7ekirdek kelep\u00e7e \u00e7er\u00e7eveleri ile bak\u0131r ve al\u00fcminyum par\u00e7a \u00fcretiminde sekt\u00f6rdeki kalite standartlar\u0131n\u0131 a\u015fmay\u0131 hedeflemektedir.<\/p><p>M\u00fc\u015fteri spesifikasyonlar\u0131na uygun \u00fcr\u00fcnler \u00fcretmenin yan\u0131 s\u0131ra, tesis bak\u0131m ve onar\u0131m hizmetleriyle de geni\u015f bir yelpazede de\u011fer sa\u011flamaktay\u0131z. Kalite anlay\u0131\u015f\u0131m\u0131zdan asla \u00f6d\u00fcn vermeyen \u00fcretim s\u00fcre\u00e7lerimiz, m\u00fc\u015fteri memnuniyetini s\u00fcrekli olarak en \u00fcst seviyede tutmay\u0131 ama\u00e7lamaktad\u0131r.<\/p><p>Uras Metal olarak, enerji sekt\u00f6r\u00fcne y\u00f6nelik yenilik\u00e7i ve g\u00fcvenilir \u00e7\u00f6z\u00fcmler sunarak, ulusal ve uluslararas\u0131 alanda g\u00fc\u00e7l\u00fc bir marka olma vizyonuyla\u00a0ilerlemekteyiz.<\/p>\t\t\t\t\t\t\t\t<\/div>\n\t\t\t\t<\/div>\n\t\t\t\t\t<\/div>\n\t\t\t\t<\/div>\n\t\t<div class=\"elementor-element elementor-element-e622cf5 e-flex e-con-boxed e-con e-parent\" data-id=\"e622cf5\" data-element_type=\"container\" data-settings=\"{&quot;background_background&quot;:&quot;classic&quot;}\">\n\t\t\t\t\t<div class=\"e-con-inner\">\n\t\t<div class=\"elementor-element elementor-element-911ba71 e-con-full e-flex e-con e-child\" data-id=\"911ba71\" data-element_type=\"container\">\n\t\t\t\t<div class=\"elementor-element elementor-element-79f9586 elementor-widget elementor-widget-image\" data-id=\"79f9586\" data-element_type=\"widget\" data-widget_type=\"image.default\">\n\t\t\t\t<div class=\"elementor-widget-container\">\n\t\t\t\t\t\t\t\t\t\t\t\t\t\t\t<img fetchpriority=\"high\" decoding=\"async\" width=\"768\" height=\"768\" src=\"https:\/\/www.askdefen.com\/wp-content\/uploads\/2025\/01\/vizyon-resim-1-768x768.jpg\" class=\"attachment-medium_large size-medium_large wp-image-1194\" alt=\"\" srcset=\"https:\/\/www.askdefen.com\/wp-content\/uploads\/2025\/01\/vizyon-resim-1-768x768.jpg 768w, https:\/\/www.askdefen.com\/wp-content\/uploads\/2025\/01\/vizyon-resim-1-300x300.jpg 300w, https:\/\/www.askdefen.com\/wp-content\/uploads\/2025\/01\/vizyon-resim-1-1024x1024.jpg 1024w, https:\/\/www.askdefen.com\/wp-content\/uploads\/2025\/01\/vizyon-resim-1-150x150.jpg 150w, https:\/\/www.askdefen.com\/wp-content\/uploads\/2025\/01\/vizyon-resim-1-600x600.jpg 600w, https:\/\/www.askdefen.com\/wp-content\/uploads\/2025\/01\/vizyon-resim-1-100x100.jpg 100w, https:\/\/www.askdefen.com\/wp-content\/uploads\/2025\/01\/vizyon-resim-1.jpg 1080w\" sizes=\"(max-width: 768px) 100vw, 768px\" \/>\t\t\t\t\t\t\t\t\t\t\t\t\t\t\t<\/div>\n\t\t\t\t<\/div>\n\t\t\t\t<\/div>\n\t\t<div class=\"elementor-element elementor-element-e1eaa72 e-con-full e-flex e-con e-child\" data-id=\"e1eaa72\" data-element_type=\"container\">\n\t\t\t\t<div class=\"elementor-element elementor-element-f63b8ec elementor-widget elementor-widget-heading\" data-id=\"f63b8ec\" data-element_type=\"widget\" data-widget_type=\"heading.default\">\n\t\t\t\t<div class=\"elementor-widget-container\">\n\t\t\t\t\t<h2 class=\"elementor-heading-title elementor-size-default\">Vizyonumuz<\/h2>\t\t\t\t<\/div>\n\t\t\t\t<\/div>\n\t\t\t\t<div class=\"elementor-element elementor-element-e1d6acd elementor-widget elementor-widget-text-editor\" data-id=\"e1d6acd\" data-element_type=\"widget\" data-widget_type=\"text-editor.default\">\n\t\t\t\t<div class=\"elementor-widget-container\">\n\t\t\t\t\t\t\t\t\t<p>Enerji sekt\u00f6r\u00fcnde ulusal ve uluslararas\u0131 alanda tan\u0131nan, g\u00fcvenilir bir lider marka olmak. M\u00fchendislik kabiliyetlerimizi ve \u00fcretim g\u00fcc\u00fcm\u00fcz\u00fc s\u00fcrekli geli\u015ftirerek, sekt\u00f6rde kalite standartlar\u0131n\u0131 belirleyen bir firma olmay\u0131 hedefliyoruz. Yenilik\u00e7i teknolojilerle gelece\u011fin enerji \u00e7\u00f6z\u00fcmlerini \u015fekillendirirken, \u00e7evreye duyarl\u0131 \u00fcretim anlay\u0131\u015f\u0131m\u0131z ve m\u00fc\u015fteri odakl\u0131 yakla\u015f\u0131m\u0131m\u0131zla sekt\u00f6rde kal\u0131c\u0131 bir iz b\u0131rakmay\u0131\u00a0ama\u00e7l\u0131yoruz.<\/p>\t\t\t\t\t\t\t\t<\/div>\n\t\t\t\t<\/div>\n\t\t\t\t<\/div>\n\t\t\t\t\t<\/div>\n\t\t\t\t<\/div>\n\t\t<div class=\"elementor-element elementor-element-1a30ef3 e-flex e-con-boxed e-con e-parent\" data-id=\"1a30ef3\" data-element_type=\"container\" data-settings=\"{&quot;background_background&quot;:&quot;classic&quot;}\">\n\t\t\t\t\t<div class=\"e-con-inner\">\n\t\t<div class=\"elementor-element elementor-element-f7979f0 e-con-full e-flex e-con e-child\" data-id=\"f7979f0\" data-element_type=\"container\">\n\t\t\t\t<div class=\"elementor-element elementor-element-48f67da elementor-widget elementor-widget-heading\" data-id=\"48f67da\" data-element_type=\"widget\" data-widget_type=\"heading.default\">\n\t\t\t\t<div class=\"elementor-widget-container\">\n\t\t\t\t\t<h2 class=\"elementor-heading-title elementor-size-default\">Misyonumuz<\/h2>\t\t\t\t<\/div>\n\t\t\t\t<\/div>\n\t\t\t\t<div class=\"elementor-element elementor-element-bcc9059 elementor-widget elementor-widget-text-editor\" data-id=\"bcc9059\" data-element_type=\"widget\" data-widget_type=\"text-editor.default\">\n\t\t\t\t<div class=\"elementor-widget-container\">\n\t\t\t\t\t\t\t\t\t<p>ASK olarak, enerji sekt\u00f6r\u00fcne y\u00f6nelik yenilik\u00e7i, g\u00fcvenilir ve y\u00fcksek kaliteli \u00fcr\u00fcnler sunarak, m\u00fc\u015fterilerimizin ihtiya\u00e7lar\u0131n\u0131 en \u00fcst d\u00fczeyde kar\u015f\u0131lamay\u0131 ama\u00e7l\u0131yoruz. Teknoloji, m\u00fchendislik ve \u00fcretim s\u00fcre\u00e7lerimizde m\u00fckemmeliyeti hedeflerken, s\u00fcrd\u00fcr\u00fclebilirlik ve etik de\u011ferler \u00e7er\u00e7evesinde hareket ediyoruz. M\u00fc\u015fteri memnuniyetini her zaman \u00f6ncelik alarak, sekt\u00f6rde fark yaratan \u00e7\u00f6z\u00fcmler geli\u015ftirme tutkumuzla de\u011fer yaratmaya devam ediyoruz.<\/p>\t\t\t\t\t\t\t\t<\/div>\n\t\t\t\t<\/div>\n\t\t\t\t<\/div>\n\t\t<div class=\"elementor-element elementor-element-3fec72d e-con-full e-flex e-con e-child\" data-id=\"3fec72d\" data-element_type=\"container\">\n\t\t\t\t<div class=\"elementor-element elementor-element-a411a09 elementor-widget elementor-widget-image\" data-id=\"a411a09\" data-element_type=\"widget\" data-widget_type=\"image.default\">\n\t\t\t\t<div class=\"elementor-widget-container\">\n\t\t\t\t\t\t\t\t\t\t\t\t\t\t\t<img decoding=\"async\" width=\"800\" height=\"800\" src=\"https:\/\/www.askdefen.com\/wp-content\/uploads\/2025\/01\/misyon-resim-1-1024x1024.jpg\" class=\"attachment-large size-large wp-image-1195\" alt=\"\" srcset=\"https:\/\/www.askdefen.com\/wp-content\/uploads\/2025\/01\/misyon-resim-1-1024x1024.jpg 1024w, https:\/\/www.askdefen.com\/wp-content\/uploads\/2025\/01\/misyon-resim-1-300x300.jpg 300w, https:\/\/www.askdefen.com\/wp-content\/uploads\/2025\/01\/misyon-resim-1-150x150.jpg 150w, https:\/\/www.askdefen.com\/wp-content\/uploads\/2025\/01\/misyon-resim-1-768x768.jpg 768w, https:\/\/www.askdefen.com\/wp-content\/uploads\/2025\/01\/misyon-resim-1-600x600.jpg 600w, https:\/\/www.askdefen.com\/wp-content\/uploads\/2025\/01\/misyon-resim-1-100x100.jpg 100w, https:\/\/www.askdefen.com\/wp-content\/uploads\/2025\/01\/misyon-resim-1.jpg 1080w\" sizes=\"(max-width: 800px) 100vw, 800px\" \/>\t\t\t\t\t\t\t\t\t\t\t\t\t\t\t<\/div>\n\t\t\t\t<\/div>\n\t\t\t\t<\/div>\n\t\t\t\t\t<\/div>\n\t\t\t\t<\/div>\n\t\t\t\t<\/div>\n\t\t","protected":false},"excerpt":{"rendered":"<p>Kurumsal Hakk\u0131m\u0131zda ASK, 2018 y\u0131l\u0131nda kurulmu\u015f, enerji sekt\u00f6r\u00fcnde \u00f6zellikle trafo ekipmanlar\u0131 ve aksesuarlar\u0131n\u0131n \u00fcretiminde uzmanla\u015fm\u0131\u015f bir firmad\u0131r. Trafo sekt\u00f6r\u00fcne y\u00f6nelik hizmetlerimizde, m\u00fc\u015fteri ihtiya\u00e7lar\u0131n\u0131 \u00f6ncelik alarak\u00a0 uluslararas\u0131 standartlarda \u00e7\u00f6z\u00fcmler sunmaktay\u0131z. Toplamda 2.750 m\u00b2\u2019yi a\u015fan iki modern \u00fcretim tesisimiz Kocaeli Dilovas\u0131 ve \u0130stanbul Tuzla\u2019da bulunmaktad\u0131r. G\u00fc\u00e7l\u00fc CNC tezgah parkurumuz ve alan\u0131nda deneyimli, kalifiye kadromuz ile tala\u015fl\u0131 imalat [&hellip;]<\/p>\n","protected":false},"author":1,"featured_media":0,"parent":0,"menu_order":0,"comment_status":"closed","ping_status":"closed","template":"","meta":{"footnotes":""},"class_list":["post-41","page","type-page","status-publish","hentry"],"_links":{"self":[{"href":"https:\/\/www.askdefen.com\/index.php\/wp-json\/wp\/v2\/pages\/41","targetHints":{"allow":["GET"]}}],"collection":[{"href":"https:\/\/www.askdefen.com\/index.php\/wp-json\/wp\/v2\/pages"}],"about":[{"href":"https:\/\/www.askdefen.com\/index.php\/wp-json\/wp\/v2\/types\/page"}],"author":[{"embeddable":true,"href":"https:\/\/www.askdefen.com\/index.php\/wp-json\/wp\/v2\/users\/1"}],"replies":[{"embeddable":true,"href":"https:\/\/www.askdefen.com\/index.php\/wp-json\/wp\/v2\/comments?post=41"}],"version-history":[{"count":148,"href":"https:\/\/www.askdefen.com\/index.php\/wp-json\/wp\/v2\/pages\/41\/revisions"}],"predecessor-version":[{"id":1852,"href":"https:\/\/www.askdefen.com\/index.php\/wp-json\/wp\/v2\/pages\/41\/revisions\/1852"}],"wp:attachment":[{"href":"https:\/\/www.askdefen.com\/index.php\/wp-json\/wp\/v2\/media?parent=41"}],"curies":[{"name":"wp","href":"https:\/\/api.w.org\/{rel}","templated":true}]}}